{"id":20,"date":"2026-01-31T19:10:34","date_gmt":"2026-01-31T19:10:34","guid":{"rendered":"https:\/\/kz.tychy.pl\/kz-tychy\/?page_id=20"},"modified":"2026-01-31T19:10:34","modified_gmt":"2026-01-31T19:10:34","slug":"wyznanie-wiary","status":"publish","type":"page","link":"https:\/\/kz.tychy.pl\/index.php\/wyznanie-wiary\/","title":{"rendered":"Wyznanie wiary"},"content":{"rendered":"\n<div class=\"wp-block-group alignfull has-accent-background-color has-background has-global-padding is-layout-constrained wp-container-core-group-is-layout-2fa4c0df wp-block-group-is-layout-constrained\" style=\"border-width:26px;border-top-left-radius:0px;border-top-right-radius:0px;border-bottom-left-radius:0px;border-bottom-right-radius:0px;min-height:0px;margin-top:0;margin-bottom:0;padding-top:var(--wp--preset--spacing--50);padding-right:var(--wp--preset--spacing--50);padding-bottom:var(--wp--preset--spacing--50);padding-left:var(--wp--preset--spacing--50)\">\n<div class=\"wp-block-columns alignwide is-layout-flex wp-container-core-columns-is-layout-1da03c2a wp-block-columns-is-layout-flex\">\n<div class=\"wp-block-column is-layout-flow wp-block-column-is-layout-flow\" style=\"flex-basis:100%\">\n<div class=\"wp-block-group is-vertical is-content-justification-stretch is-layout-flex wp-container-core-group-is-layout-444d5ee8 wp-block-group-is-layout-flex\" style=\"min-height:100%\">\n<p><\/p>\n\n\n\n<p class=\"has-heading-font-family has-x-large-font-size\" style=\"line-height:1.2\">Wierzymy, \u017ce Pismo \u015awi\u0119te \u2013 Biblia \u2013 jest S\u0142owem Bo\u017cym, nieomylnym i natchnionym przez Ducha \u015awi\u0119tego, i stanowi jedyn\u0105 norm\u0119 wiary i \u017cycia.<\/p>\n\n\n\n<p class=\"has-heading-font-family has-x-large-font-size\" style=\"line-height:1.2\"><br>Wierzymy w Boga w Tr\u00f3jcy \u015awi\u0119tej jedynego, w osobach Ojca i Syna, i Ducha \u015awi\u0119tego.<\/p>\n\n\n\n<p class=\"has-heading-font-family has-x-large-font-size\" style=\"line-height:1.2\"><br>Wierzymy w Synostwo Bo\u017ce Jezusa Chrystusa, pocz\u0119tego z Ducha \u015awi\u0119tego, narodzonego z Marii Dziewicy; w Jego \u015bmier\u0107 na krzy\u017cu za grzech \u015bwiata i Jego zmartwychwstanie w ciele; w Jego wniebowst\u0105pienie i powt\u00f3rne przyj\u015bcie w chwale.<\/p>\n\n\n\n<p class=\"has-heading-font-family has-x-large-font-size\" style=\"line-height:1.2\"><br>Wierzymy w pojednanie z Bogiem przez opami\u0119tanie i wiar\u0119 w ewangeli\u0119, w chrzest i Wieczerz\u0119 Pa\u0144sk\u0105.<\/p>\n\n\n\n<p class=\"has-heading-font-family has-x-large-font-size\" style=\"line-height:1.2\"><br>Wierzymy w chrzest Duchem \u015awi\u0119tym, prze\u017cywanie pe\u0142ni Ducha i Jego dar\u00f3w.<\/p>\n\n\n\n<p class=\"has-heading-font-family has-x-large-font-size\" style=\"line-height:1.2\"><br>Wierzymy w jeden Ko\u015bci\u00f3\u0142, \u015bwi\u0119ty, powszechny i apostolski.<\/p>\n\n\n\n<p class=\"has-heading-font-family has-x-large-font-size\" style=\"line-height:1.2\"><br>Wierzymy w uzdrowienie chorych jako znak \u0142aski i mocy Bo\u017cej.<\/p>\n\n\n\n<p class=\"has-heading-font-family has-x-large-font-size\" style=\"line-height:1.2\"><br>Wierzymy w zmartwychwstanie i \u017cycie wieczne.<\/p>\n\n\n\n<p class=\"has-heading-font-family has-x-large-font-size\" style=\"line-height:1.2\"><\/p>\n<\/div>\n<\/div>\n<\/div>\n<\/div>\n\n\n\n<p><\/p>\n","protected":false},"excerpt":{"rendered":"<p>Wierzymy, \u017ce Pismo \u015awi\u0119te \u2013 Biblia \u2013 jest S\u0142owem Bo\u017cym, nieomylnym i natchnionym przez Ducha \u015awi\u0119tego, i stanowi jedyn\u0105 norm\u0119 wiary i \u017cycia. Wierzymy w Boga w Tr\u00f3jcy \u015awi\u0119tej jedynego, w osobach Ojca i Syna, i Ducha \u015awi\u0119tego. Wierzymy w Synostwo Bo\u017ce Jezusa Chrystusa, pocz\u0119tego z Ducha \u015awi\u0119tego, narodzonego z Marii Dziewicy; w Jego \u015bmier\u0107 [&hellip;]<\/p>\n","protected":false},"author":1,"featured_media":0,"parent":0,"menu_order":0,"comment_status":"closed","ping_status":"closed","template":"","meta":{"footnotes":""},"class_list":["post-20","page","type-page","status-publish","hentry"],"_links":{"self":[{"href":"https:\/\/kz.tychy.pl\/index.php\/wp-json\/wp\/v2\/pages\/20","targetHints":{"allow":["GET"]}}],"collection":[{"href":"https:\/\/kz.tychy.pl\/index.php\/wp-json\/wp\/v2\/pages"}],"about":[{"href":"https:\/\/kz.tychy.pl\/index.php\/wp-json\/wp\/v2\/types\/page"}],"author":[{"embeddable":true,"href":"https:\/\/kz.tychy.pl\/index.php\/wp-json\/wp\/v2\/users\/1"}],"replies":[{"embeddable":true,"href":"https:\/\/kz.tychy.pl\/index.php\/wp-json\/wp\/v2\/comments?post=20"}],"version-history":[{"count":1,"href":"https:\/\/kz.tychy.pl\/index.php\/wp-json\/wp\/v2\/pages\/20\/revisions"}],"predecessor-version":[{"id":21,"href":"https:\/\/kz.tychy.pl\/index.php\/wp-json\/wp\/v2\/pages\/20\/revisions\/21"}],"wp:attachment":[{"href":"https:\/\/kz.tychy.pl\/index.php\/wp-json\/wp\/v2\/media?parent=20"}],"curies":[{"name":"wp","href":"https:\/\/api.w.org\/{rel}","templated":true}]}}

<div class="wp-block-group alignfull has-accent-background-color has-background has-global-padding is-layout-constrained wp-container-core-group-is-layout-2fa4c0df wp-block-group-is-layout-constrained" style="border-width:26px;border-top-left-radius:0px;border-top-right-radius:0px;border-bottom-left-radius:0px;border-bottom-right-radius:0px;min-height:0px;margin-top:0;margin-bottom:0;padding-top:var(--wp--preset--spacing--50);padding-right:var(--wp--preset--spacing--50);padding-bottom:var(--wp--preset--spacing--50);padding-left:var(--wp--preset--spacing--50)">
<div class="wp-block-columns alignwide is-layout-flex wp-container-core-columns-is-layout-1da03c2a wp-block-columns-is-layout-flex">
<div class="wp-block-column is-layout-flow wp-block-column-is-layout-flow" style="flex-basis:100%">
<div class="wp-block-group is-vertical is-content-justification-stretch is-layout-flex wp-container-core-group-is-layout-444d5ee8 wp-block-group-is-layout-flex" style="min-height:100%">
<p></p>



<p class="has-heading-font-family has-x-large-font-size" style="line-height:1.2">Wierzymy, że Pismo Święte – Biblia – jest Słowem Bożym, nieomylnym i natchnionym przez Ducha Świętego, i stanowi jedyną normę wiary i życia.</p>



<p class="has-heading-font-family has-x-large-font-size" style="line-height:1.2"><br>Wierzymy w Boga w Trójcy Świętej jedynego, w osobach Ojca i Syna, i Ducha Świętego.</p>



<p class="has-heading-font-family has-x-large-font-size" style="line-height:1.2"><br>Wierzymy w Synostwo Boże Jezusa Chrystusa, poczętego z Ducha Świętego, narodzonego z Marii Dziewicy; w Jego śmierć na krzyżu za grzech świata i Jego zmartwychwstanie w ciele; w Jego wniebowstąpienie i powtórne przyjście w chwale.</p>



<p class="has-heading-font-family has-x-large-font-size" style="line-height:1.2"><br>Wierzymy w pojednanie z Bogiem przez opamiętanie i wiarę w ewangelię, w chrzest i Wieczerzę Pańską.</p>



<p class="has-heading-font-family has-x-large-font-size" style="line-height:1.2"><br>Wierzymy w chrzest Duchem Świętym, przeżywanie pełni Ducha i Jego darów.</p>



<p class="has-heading-font-family has-x-large-font-size" style="line-height:1.2"><br>Wierzymy w jeden Kościół, święty, powszechny i apostolski.</p>



<p class="has-heading-font-family has-x-large-font-size" style="line-height:1.2"><br>Wierzymy w uzdrowienie chorych jako znak łaski i mocy Bożej.</p>



<p class="has-heading-font-family has-x-large-font-size" style="line-height:1.2"><br>Wierzymy w zmartwychwstanie i życie wieczne.</p>



<p class="has-heading-font-family has-x-large-font-size" style="line-height:1.2"></p>
</div>
</div>
</div>
</div>



<p></p>

<p>Wierzymy, że Pismo Święte – Biblia – jest Słowem Bożym, nieomylnym i natchnionym przez Ducha Świętego, i stanowi jedyną normę wiary i życia. Wierzymy w Boga w Trójcy Świętej jedynego, w osobach Ojca i Syna, i Ducha Świętego. Wierzymy w Synostwo Boże Jezusa Chrystusa, poczętego z Ducha Świętego, narodzonego z Marii Dziewicy; w Jego śmierć [&hellip;]</p>
