{"id":3,"date":"2026-01-30T11:58:17","date_gmt":"2026-01-30T11:58:17","guid":{"rendered":"http:\/\/kz.tychy.pl\/kz-tychy\/?page_id=3"},"modified":"2026-01-31T21:31:56","modified_gmt":"2026-01-31T20:31:56","slug":"privacy-policy","status":"publish","type":"page","link":"https:\/\/kz.tychy.pl\/index.php\/privacy-policy\/","title":{"rendered":"Polityka prywatno\u015bci RODO"},"content":{"rendered":"\n<p><br><strong>W zwi\u0105zku z wej\u015bciem w \u017cycie Rozporz\u0105dzenia Parlamentu Europejskiego i Rady 2016\/679 z dnia<br>27 kwietnia 2016 r. o ochronie danych osobowych os\u00f3b fizycznych, informuj\u0119, \u017ce dane osobowe<br>przetwarzane na niniejszej stronie internetowej s\u0105 prawnie chronione:<\/strong><\/p>\n\n\n\n<ol class=\"wp-block-list\">\n<li>Administratorem danych jest Pastor zboru z siedzib\u0105 w Tychach ul. Narcyz\u00f3w 24.<\/li>\n\n\n\n<li>Dane przetwarzane s\u0105 w celu informowania o dzia\u0142alno\u015bci zwi\u0105zanej z wydarzeniami w ramach dzia\u0142alno\u015bci statutowej zgodnej z Prawem Wewn\u0119trznym Ko\u015bcio\u0142a Zielono\u015bwi\u0105tkowego w RP oraz Regulaminem Ochrony Danych Osobowych obowi\u0105zuj\u0105cych w Ko\u015bciele Zielono\u015bwi\u0105tkowym z siedzib\u0105 w Warszawie ul. Sienna 68\/70.<\/li>\n\n\n\n<li>W ramach obowi\u0105zuj\u0105cego Regulaminu przys\u0142uguje prawo do cofni\u0119cia zgody na przetwarzanie danych w dowolnym momencie.<\/li>\n\n\n\n<li>Masz prawo do dost\u0119pu do tre\u015bci swoich danych osobowych, do ich sprostowania, usuni\u0119cia, ograniczenia przetwarzania oraz przeniesienia danych do innego administratora.<\/li>\n\n\n\n<li>Masz prawo do wniesienia skargi do Komisji Ochrony Danych Osobowych kt\u00f3rej Przewodnicz\u0105cy pe\u0142ni funkcj\u0119 Inspektora Ochrony Danych.<\/li>\n\n\n\n<li>Wskazane dane nie s\u0105 profilowane, nie s\u0105 przekazywane innym podmiotom lub administratorom bez zgody osoby kt\u00f3rej dotycz\u0105.<\/li>\n\n\n\n<li>Zgromadzone dane osobowe b\u0119d\u0105 przechowywane do czasu zako\u0144czenia wskazanego celu lub przez okres jednego roku, licz\u0105c od pocz\u0105tku roku nast\u0119puj\u0105cego po dacie wyra\u017cenia zgody(w zale\u017cno\u015bci od tego, kt\u00f3ry z tych okres\u00f3w jest d\u0142u\u017cszy).<\/li>\n<\/ol>\n\n\n\n<p><\/p>\n","protected":false},"excerpt":{"rendered":"<p>W zwi\u0105zku z wej\u015bciem w \u017cycie Rozporz\u0105dzenia Parlamentu Europejskiego i Rady 2016\/679 z dnia27 kwietnia 2016 r. o ochronie danych osobowych os\u00f3b fizycznych, informuj\u0119, \u017ce dane osoboweprzetwarzane na niniejszej stronie internetowej s\u0105 prawnie chronione:<\/p>\n","protected":false},"author":1,"featured_media":0,"parent":0,"menu_order":0,"comment_status":"closed","ping_status":"open","template":"","meta":{"footnotes":""},"class_list":["post-3","page","type-page","status-publish","hentry"],"_links":{"self":[{"href":"https:\/\/kz.tychy.pl\/index.php\/wp-json\/wp\/v2\/pages\/3","targetHints":{"allow":["GET"]}}],"collection":[{"href":"https:\/\/kz.tychy.pl\/index.php\/wp-json\/wp\/v2\/pages"}],"about":[{"href":"https:\/\/kz.tychy.pl\/index.php\/wp-json\/wp\/v2\/types\/page"}],"author":[{"embeddable":true,"href":"https:\/\/kz.tychy.pl\/index.php\/wp-json\/wp\/v2\/users\/1"}],"replies":[{"embeddable":true,"href":"https:\/\/kz.tychy.pl\/index.php\/wp-json\/wp\/v2\/comments?post=3"}],"version-history":[{"count":4,"href":"https:\/\/kz.tychy.pl\/index.php\/wp-json\/wp\/v2\/pages\/3\/revisions"}],"predecessor-version":[{"id":27,"href":"https:\/\/kz.tychy.pl\/index.php\/wp-json\/wp\/v2\/pages\/3\/revisions\/27"}],"wp:attachment":[{"href":"https:\/\/kz.tychy.pl\/index.php\/wp-json\/wp\/v2\/media?parent=3"}],"curies":[{"name":"wp","href":"https:\/\/api.w.org\/{rel}","templated":true}]}}

Polityka prywatności RODO

<p><br><strong>W związku z wejściem w życie Rozporządzenia Parlamentu Europejskiego i Rady 2016/679 z dnia<br>27 kwietnia 2016 r. o ochronie danych osobowych osób fizycznych, informuję, że dane osobowe<br>przetwarzane na niniejszej stronie internetowej są prawnie chronione:</strong></p>



<ol class="wp-block-list">
<li>Administratorem danych jest Pastor zboru z siedzibą w Tychach ul. Narcyzów 24.</li>



<li>Dane przetwarzane są w celu informowania o działalności związanej z wydarzeniami w ramach działalności statutowej zgodnej z Prawem Wewnętrznym Kościoła Zielonoświątkowego w RP oraz Regulaminem Ochrony Danych Osobowych obowiązujących w Kościele Zielonoświątkowym z siedzibą w Warszawie ul. Sienna 68/70.</li>



<li>W ramach obowiązującego Regulaminu przysługuje prawo do cofnięcia zgody na przetwarzanie danych w dowolnym momencie.</li>



<li>Masz prawo do dostępu do treści swoich danych osobowych, do ich sprostowania, usunięcia, ograniczenia przetwarzania oraz przeniesienia danych do innego administratora.</li>



<li>Masz prawo do wniesienia skargi do Komisji Ochrony Danych Osobowych której Przewodniczący pełni funkcję Inspektora Ochrony Danych.</li>



<li>Wskazane dane nie są profilowane, nie są przekazywane innym podmiotom lub administratorom bez zgody osoby której dotyczą.</li>



<li>Zgromadzone dane osobowe będą przechowywane do czasu zakończenia wskazanego celu lub przez okres jednego roku, licząc od początku roku następującego po dacie wyrażenia zgody(w zależności od tego, który z tych okresów jest dłuższy).</li>
</ol>



<p></p>

<p>W związku z wejściem w życie Rozporządzenia Parlamentu Europejskiego i Rady 2016/679 z dnia27 kwietnia 2016 r. o ochronie danych osobowych osób fizycznych, informuję, że dane osoboweprzetwarzane na niniejszej stronie internetowej są prawnie chronione:</p>
